{"id":1733,"date":"2025-09-26T13:36:04","date_gmt":"2025-09-26T13:36:04","guid":{"rendered":"https:\/\/stilenapoletano.com\/?page_id=1733"},"modified":"2025-09-26T13:37:50","modified_gmt":"2025-09-26T13:37:50","slug":"cookie-policy","status":"publish","type":"page","link":"https:\/\/stilenapoletano.com\/?page_id=1733","title":{"rendered":"Cookie Policy"},"content":{"rendered":"\n<p>Informativa sull\u2019utilizzo dei cookie da parte di stilenapoletano.com<\/p>\n\n\n\n<p>In virt\u00f9 della normativa nazionale e sovranazionale vigente in materia di protezione dei dati personali, il presente documento intende chiarire all\u2019utente interessato l\u2019utilizzo dei cookie da parte di lanieri.com (di seguito il Sito) come predisposto da Stile Napoletano Bespoke di Marigliano Ciro (di seguito la Societ\u00e0).<\/p>\n\n\n\n<h2 class=\"wp-block-heading\">1. Il Titolare del Trattamento<\/h2>\n\n\n\n<p>Il Titolare del trattamento dei vostri dati personali \u00e8 la societ\u00e0 Stile Napoletano Bespoke di Marigliano Ciro, con sede legale in Via G. Manso, 5 \u2013 80142 \u2013 Napoli (NA) | C.F.MRGCRI78D20F839V -P.I.: 09656501211.<br>Il Titolare \u00e8 contattabile all\u2019indirizzo postale sopra indicato o al seguente indirizzo mail: customercare@stilenapoletano.com<\/p>\n\n\n\n<h2 class=\"wp-block-heading\">2.- Cosa sono i cookie e a che cosa servono?<\/h2>\n\n\n\n<p>I cookie sono stringhe di testo di piccole dimensioni che i siti visitati dall\u2019utente inviano al suo terminale (solitamente al browser), dove vengono memorizzati per essere poi ritrasmessi agli stessi siti alla successiva visita del medesimo utente. Nel corso della navigazione su un Sito, l\u2019utente pu\u00f2 ricevere sul suo terminale anche cookie che vengono inviati da siti o da web server diversi (c.d. \u201cterze parti\u201d), sui quali possono risiedere alcuni elementi (quali, ad esempio, immagini, mappe, suoni, specifici link a pagine di altri domini) presenti sul Sito che lo stesso sta visitando.<br>I cookie sono usati per differenti finalit\u00e0: esecuzione di autenticazioni informatiche, monitoraggio di sessioni, memorizzazione di informazioni su specifiche configurazioni riguardanti gli utenti che accedono al server, memorizzazione delle preferenze, o per agevolare la fruizione dei contenuti on line, come ad esempio per tenere traccia degli articoli in un carrello degli acquisti o delle informazioni per la compilazione di un modulo informatico ecc.; ma possono essere impiegati anche per profilare l\u2019utente, cio\u00e8 per &#8220;osservarne&#8221; i comportamenti, ad esempio al fine di inviare pubblicit\u00e0 mirate, misurare l\u2019efficacia del messaggio pubblicitario e adottare conseguenti strategie commerciali. In questo caso si parla di cookie di profilazione.<\/p>\n\n\n\n<h2 class=\"wp-block-heading\">3.- Tipologie di cookie utilizzati dal Sito www.stilenapoletano.com. Finalit\u00e0 e base giuridica.<\/h2>\n\n\n\n<p>Necessit\u00e0 del conferimento dei dati e conseguenze.<\/p>\n\n\n\n<p>3.1.- Cookie tecnici e analitici anonimizzati che non richiedono il consenso dell\u2019Utente.<\/p>\n\n\n\n<p>Nella categoria dei cookie tecnici rientrano i cookie di seguito elencati, che perseguono le finalit\u00e0 rispettivamente indicate:<br>cookie di navigazione o di sessione, che servono a garantire la normale navigazione e fruizione dei servizi del Sito (ad esempio, per realizzare un acquisto o autenticarsi per accedere ad aree riservate);<br>cookie di funzionalit\u00e0, che permettono all&#8217;utente la navigazione in funzione di una serie di criteri selezionati (ad esempio, la lingua, i prodotti selezionati per l&#8217;acquisto) al fine di migliorare il servizio reso allo stesso.<br>Base Giuridica. Per i cookie di navigazione o di funzionalit\u00e0 la base giuridica risiede nell\u2019esecuzione di un servizio o di un contratto o di misure precontrattuali (art. 6.b del Regolamento UE n. 2016\/679) in quanto necessari per rendere utilizzabile il Sito e il servizio richiesto da parte degli utenti. L\u2019utilizzo di tali cookie non richiede il vostro consenso.<br>I cookie analytics anonimizzati sono cookie utilizzati per raccogliere informazioni, in forma aggregata e quindi non riconducibile al singolo utente, relative al numero di utenti, alle pagine pi\u00f9 visitate, ai luoghi da cui ci si collega, etc. per elaborare statistiche sul servizio e sull\u2019utilizzo del Sito. Tali cookie possono anche essere di terze parti. In questo caso per\u00f2 il Titolare li deve aver resi anonimi (es. mediante anonimizzazione dell\u2019IP o mascheramento di parte di esso) e non deve consentire alla terza parte di incrociare le informazioni raccolte attraverso il Sito con altre gi\u00e0 a sua disposizione.<br>Base giuridica. Per i cookie analytics anonimizzati la base giuridica risiede nel legittimo interesse del Titolare di migliorare costantemente il Sito e il servizio richiesto dagli utenti (art. 6.f del Regolamento UE n. 2016\/679). L\u2019utente ha il diritto di opporsi all\u2019uso di tali cookie se ritiene che i suoi interessi o i suoi diritti e le sue libert\u00e0 fondamentali prevalgano sugli interessi legittimi del Titolare. Il Titolare si asterr\u00e0 dall\u2019uso ulteriore di tali cookie salvo che dimostri l\u2019esistenza di motivi legittimi cogenti che prevalgano sul suo diritto di opposizione oppure per l\u2019accertamento o la difesa di un diritto in sede giudiziaria (art 21 del Regolamento UE n. 2016\/679). Per esercitare il suo diritto di opposizione l\u2019utente pu\u00f2 contattare il Titolare ai recapiti sopra indicati.<br>Necessit\u00e0 del conferimento dei dati e conseguenze. Il conferimento dei dati raccolti attraverso i cookie sopra descritti non \u00e8 obbligatorio; tuttavia, \u00e8 necessario per il collegamento al Sito e alla fornitura del servizio. In assenza parziale o totale di tale conferimento, non si potr\u00e0 utilizzare il sito o potranno esserci problemi nell\u2019utilizzo. L\u2019elenco dei cookie tecnici utilizzati dal Sito con le relative caratteristiche (es: caratteristiche, tempi di conservazione dei dati etc.) \u00e8 disponibile nella apposita area raggiungibile dal banner o presente in calce.<\/p>\n\n\n\n<p>3.2.- Cookie di profilazione che richiedono il consenso dell\u2019Utente<\/p>\n\n\n\n<p>I cookie di Profilazione possono essere:<\/p>\n\n\n\n<p>Di prima parte: installati direttamente dal Titolare sul proprio sito.<br>Di terza parte: installati sul sito del Titolare da un soggetto terzo. Sui cookie di terza parte, il Titolare non ha alcun controllo n\u00e9 sull\u2019attivit\u00e0 e finalit\u00e0 della terza parte, n\u00e9 sulla possibilit\u00e0 che la stessa li modifichi nel tempo. In tal senso il Titolare agisce in qualit\u00e0 di intermediario. In tale veste, rimanda all\u2019 informativa della terza parte, raggiungibile tramite il link posto accanto a ciascuno dei cookie indicati nella apposita area raggiungibile dal banner o presente in calce. I cookie di profilazione permettono di seguire e tracciare, mediante strumenti automatizzati, il comportamento dell\u2019utente durante la sua navigazione in internet. Hanno lo scopo di creare profili relativi all\u2019utente e vengono utilizzati dal Titolare o dalla terza parte al fine di inviare all\u2019utente contenuti pubblicitari personalizzati in linea con le sue preferenze e i suoi interessi, manifestati nell\u2019ambito della sua navigazione in rete. Sono cookie di profilazione anche i cookie analytics non anonimizzati utilizzati dalla terza parte, quando il Titolare non li ha resi anonimi (es: non ha anonimizzato l\u2019IP) o quando consente alla terza parte di incrociare le informazioni raccolte con altre di cui gi\u00e0 dispone.<br>Base Giuridica. L\u2019uso di cookie di Profilazione (inclusi gli analytics non anonimizzati) pu\u00f2 avvenire solo con il consenso dell\u2019utente, che costituisce la base giuridica del trattamento dei dati raccolti attraverso tali cookie, in conformit\u00e0 a quanto previsto dall\u2019art. 6.a del Regolamento UE n. 2016\/679. Il consenso pu\u00f2 essere fornito o revocato in qualsiasi momento operando direttamente nella apposita area raggiungibile dal banner o presente in calce.<br>Necessit\u00e0 del conferimento dei dati e conseguenze. Il mancato conferimento dei dati conseguente al suo mancato consenso per tali cookie non ha alcuna conseguenza ai fini della navigazione sul Sito e della sua fruizione, ma comporta l\u2019impossibilit\u00e0 di proporre messaggi pubblicitari su servizi e beni in linea con le preferenze e i reali interessi manifestati nell\u2019ambito della navigazione in rete da parte dell\u2019utente.<\/p>\n\n\n\n<h2 class=\"wp-block-heading\">4.- Gestione dei consensi<\/h2>\n\n\n\n<p>L\u2019utente potr\u00e0 gestire il suo consenso relativo alle singole categorie di cookie operando direttamente nella apposita area raggiungibile dal banner Personalizza o presente in calce.<\/p>\n\n\n\n<h2 class=\"wp-block-heading\">\u00a05.- Come disabilitare i cookie mediante configurazione del browser<\/h2>\n\n\n\n<p>L\u2019utente pu\u00f2 gestire le sue preferenze direttamente all&#8217;interno del proprio browser, nella sezione a ci\u00f2 dedicata, ed impedire ad esempio, che terze parti possano installare dei cookie o eliminare i cookie installati in passato. Dopo questa operazione, tuttavia, alcune funzioni delle pagine web potrebbero non essere eseguite correttamente. Per far ci\u00f2 \u00e8 possibile seguire le istruzioni specifiche per il browser utilizzato:<br>\u25cf &nbsp; &nbsp;Internet Explorer (<a href=\"http:\/\/windows.microsoft.com\/en-gb\/windows7\/block-enable-or-allow-cookies\" target=\"_blank\" rel=\"noreferrer noopener\">http:\/\/windows.microsoft.com\/en-gb\/windows7\/block-enable-or-allow-cookies<\/a>)<br>\u25cf &nbsp; &nbsp;Chrome (<a href=\"https:\/\/support.google.com\/accounts\/answer\/61416?hl=it\" target=\"_blank\" rel=\"noreferrer noopener\">https:\/\/support.google.com\/accounts\/answer\/61416?hl=it<\/a>)<br>\u25cf &nbsp; &nbsp;Firefox (<a href=\"https:\/\/support.mozilla.org\/en-US\/kb\/enable-and-disable-cookies-website-preferences\" target=\"_blank\" rel=\"noreferrer noopener\">https:\/\/support.mozilla.org\/en-US\/kb\/enable-and-disable-cookies-website-preferences<\/a>)<br>\u25cf &nbsp; &nbsp;Opera (<a href=\"http:\/\/www.opera.com\/help\/tutorials\/security\/privacy\/\" target=\"_blank\" rel=\"noreferrer noopener\">http:\/\/www.opera.com\/help\/tutorials\/security\/privacy\/<\/a>)<br>\u25cf &nbsp; &nbsp;Safari (<a href=\"http:\/\/www.opera.com\/help\/tutorials\/security\/privacy\/\" target=\"_blank\" rel=\"noreferrer noopener\">http:\/\/www.apple.com\/legal\/privacy\/<\/a>)<br>Con riferimento ai cookie installati da terze parti, lei pu\u00f2 inoltre gestire le proprie impostazioni e revocare il consenso visitando il relativo link di opt out (qualora disponibile), utilizzando gli strumenti descritti nella privacy policy della terza parte o contattando direttamente la stessa.<br>Per maggiori informazioni sui cookie e per gestire le tue preferenze sui cookie di profilazione di terza parte vi invitiamo anche a visitare&nbsp;<a href=\"http:\/\/www.youronlinechoices.com\/\" target=\"_blank\" rel=\"noreferrer noopener\">http:\/\/www.youronlinechoices.com.<\/a><\/p>\n\n\n\n<h2 class=\"wp-block-heading\">6.- Modalit\u00e0 del trattamento<\/h2>\n\n\n\n<p>Il trattamento avviene sia con strumenti informatici, anche automatizzati, adottando le idonee misure di sicurezza, volte ad assicurare l\u2019integrit\u00e0 e la riservatezza dei dati, a prevenire usi illeciti o perdita dei dati, nonch\u00e9 accessi non autorizzati.<\/p>\n\n\n\n<h2 class=\"wp-block-heading\">7.- Trasferimento dei dati extra UE<\/h2>\n\n\n\n<p>I vostri dati personali non saranno trasferiti all\u2019estero verso quei Paesi diversi da quelli appartenenti all\u2019Unione Europea, che non assicurino livelli di tutela delle persone adeguati. Nel caso ci\u00f2 fosse necessario per fornire i servizi richiesti (ad esempio per alcune attivit\u00e0 di trattamento che potrebbero essere delegate all\u2019esterno verso fornitori non appartenenti all\u2019Unione Europea), vi assicuriamo che il trasferimento dei dati personali verso i Paesi che non appartengono all\u2019Unione Europea e che non assicurino livelli di tutela adeguati saranno eseguiti solo previa conclusione, tra Stile Napoletano Bespoke di Marigliano Ciro e detti soggetti, di specifici contratti contenenti clausole di salvaguardia e garanzie appropriate per la protezione dei dati personali (es. clausole contrattuali standard approvate dalla Commissione europea) ovvero solo in presenza di altro requisito conforme alla normativa italiana ed europea applicabile.<\/p>\n\n\n\n<h2 class=\"wp-block-heading\">8.- Conservazione dei dati personali raccolti tramite l\u2019utilizzo dei cookie<\/h2>\n\n\n\n<p>Il periodo di conservazione dei dati raccolti attraverso l\u2019utilizzo dei cookie \u00e8 indicato negli elenchi dei cookie utilizzati dal Sito disponibili nella apposita area presente in calce.<\/p>\n\n\n\n<h2 class=\"wp-block-heading\">9.- Comunicazione e diffusione dei dati personali<\/h2>\n\n\n\n<p>I dati raccolti mediante i cookie potranno essere conosciuti ed utilizzati dai dipendenti\/collaboratori autorizzati di Stile Napoletano Bespoke di Marigliano Ciro, quali ad esempio gli addetti alla manutenzione e gestione del Sito, al marketing e all\u2019amministrazione.<br>Potranno essere utilizzati anche da eventuali terze parti (fornitori di servizi e di infrastrutture informatiche coinvolti nella gestione e supervisione del Sito e simili) che operano per conto del Titolare e sono stati debitamente nominati responsabili del trattamento secondo quanto previsto dall\u2019art 28 del Regolamento UE n. 2016\/679. Previo consenso dell\u2019utente, potranno essere utilizzati anche dalle terze parti che installano i loro cookie sul sito del Titolare.<\/p>\n\n\n\n<h2 class=\"wp-block-heading\">10.- Diritti dell\u2019interessato<\/h2>\n\n\n\n<p>La normativa vigente sulla protezione dei dati personali riconosce il diritto di accedere ai propri dati, rettificarli, trasferirli ed eliminarli. L\u2019utente ha anche il diritto di opposizione e il diritto di limitare il trattamento dei suoi dati.<br>In particolare, gli utenti hanno il diritto in qualunque momento di ottenere la conferma dell\u2019esistenza o meno dei dati personali che li riguardano e la loro comunicazione in forma intelligibile.<\/p>\n\n\n\n<p>Gli interessati hanno diritto di ottenere l\u2019indicazione:<br>1. &nbsp; &nbsp;del contenuto e dell\u2019origine dei dati personali;<br>2. &nbsp; &nbsp;delle finalit\u00e0 e modalit\u00e0 del trattamento;<br>3. &nbsp; &nbsp;della logica applicata al trattamento effettuato con l\u2019ausilio di strumenti elettronici;<br>4. &nbsp; &nbsp;degli estremi identificativi del titolare e dei responsabili;<br>5. &nbsp; &nbsp;della durata della conservazione in relazione alle specifiche categorie di dati trattati;<br>6. &nbsp; &nbsp;dei soggetti o delle categorie di soggetti ai quali i dati personali possono essere comunicati o che possono venirne a conoscenza, in qualit\u00e0 di responsabili o incaricati.<\/p>\n\n\n\n<p>Gli interessati hanno altres\u00ec il diritto di ottenere:<br>1. &nbsp; &nbsp;l\u2019aggiornamento, la rettificazione ovvero, quando vi hanno interesse, l\u2019integrazione dei dati;<br>2. &nbsp; &nbsp;la cancellazione, la trasformazione in forma anonima o la limitazione dei dati trattati (es. se trattati in violazione di legge), compresi quelli di cui non \u00e8 necessaria la conservazione in relazione agli scopi per i quali i dati sono stati raccolti o successivamente trattati;<br>3. &nbsp; &nbsp;la portabilit\u00e0 dei dati presso altro titolare;<br>4. &nbsp; &nbsp;l\u2019opposizione al trattamento (es. per l\u2019invio di materiale pubblicitario o di marketing diretto o per il compimento di ricerche di mercato o di comunicazione commerciale);<br>5. &nbsp; &nbsp;l\u2019opposizione a qualsiasi processo decisionale automatizzato (compreso la profilazione);<br>6. &nbsp; &nbsp;la revoca di qualsiasi consenso prestato, ove previsto (si precisa che la revoca del consenso non pregiudica la liceit\u00e0 del trattamento basata sul consenso conferito prima della revoca);<br>7. &nbsp; &nbsp;l\u2019attestazione che le operazioni di cui ai precedenti punti sono state portate a conoscenza, anche per quanto riguarda il loro contenuto, di coloro ai quali i dati sono stati comunicati o diffusi, eccettuato il caso in cui tale adempimento si rivela impossibile o comporta un impiego di mezzi manifestamente sproporzionati rispetto al diritto tutelato.<\/p>\n\n\n\n<p>L\u2019interessato che ritenga che il trattamento dei dati personali a lui\/lei riferiti sia effettuato in violazione di quanto previsto dalla normativa applicabile ha inoltre il diritto di proporre reclamo al Garante, come previsto dall\u2019art. 77 del Regolamento UE 2016\/679, o di adire le opportune sedi giudiziarie (art. 79 Regolamento UE 2016\/679).<br>Tali diritti possono essere esercitati dall\u2019interessato con richiesta rivolta senza formalit\u00e0 al Titolare alla quale \u00e8 fornito idoneo riscontro senza ritardo.<\/p>\n\n\n\n<p>La richiesta rivolta al Titolare o al responsabile pu\u00f2 essere trasmessa anche mediante lettera raccomandata o posta elettronica ai seguenti indirizzi:<br>1. &nbsp; &nbsp;indirizzo: Stile Napoletano Bespoke di Marigliano Ciro Via G. Manso, 5 Napoli (NA) 80142 2. &nbsp; &nbsp;email: customercare@stilenapoletano.com<br><\/p>\n\n\n\n<h2 class=\"wp-block-heading\">11.- Aggiornamento<\/h2>\n\n\n\n<p>La presente informativa \u00e8 soggetta a modifiche ed aggiornamenti, per cui si invita l\u2019utente a consultarla con regolarit\u00e0.<\/p>\n","protected":false},"excerpt":{"rendered":"<p>Informativa sull\u2019utilizzo dei cookie da parte di stilenapoletano.com In virt\u00f9 della normativa nazionale e sovranazionale vigente in materia di protezione dei dati personali, il presente documento intende chiarire all\u2019utente interessato l\u2019utilizzo dei cookie da parte di lanieri.com (di seguito il Sito) come predisposto da Stile Napoletano Bespoke di Marigliano Ciro (di seguito la Societ\u00e0). 1. [&hellip;]<\/p>\n","protected":false},"author":1,"featured_media":0,"parent":0,"menu_order":0,"comment_status":"closed","ping_status":"open","template":"","meta":{"_acf_changed":false,"_oxygen_hide_in_design_set":false,"_oxygen_tags":"","footnotes":""},"class_list":["post-1733","page","type-page","status-publish","hentry"],"acf":[],"_hostinger_reach_plugin_has_subscription_block":false,"_hostinger_reach_plugin_is_elementor":false,"_links":{"self":[{"href":"https:\/\/stilenapoletano.com\/index.php?rest_route=\/wp\/v2\/pages\/1733","targetHints":{"allow":["GET"]}}],"collection":[{"href":"https:\/\/stilenapoletano.com\/index.php?rest_route=\/wp\/v2\/pages"}],"about":[{"href":"https:\/\/stilenapoletano.com\/index.php?rest_route=\/wp\/v2\/types\/page"}],"author":[{"embeddable":true,"href":"https:\/\/stilenapoletano.com\/index.php?rest_route=\/wp\/v2\/users\/1"}],"replies":[{"embeddable":true,"href":"https:\/\/stilenapoletano.com\/index.php?rest_route=%2Fwp%2Fv2%2Fcomments&post=1733"}],"version-history":[{"count":1,"href":"https:\/\/stilenapoletano.com\/index.php?rest_route=\/wp\/v2\/pages\/1733\/revisions"}],"predecessor-version":[{"id":1734,"href":"https:\/\/stilenapoletano.com\/index.php?rest_route=\/wp\/v2\/pages\/1733\/revisions\/1734"}],"wp:attachment":[{"href":"https:\/\/stilenapoletano.com\/index.php?rest_route=%2Fwp%2Fv2%2Fmedia&parent=1733"}],"curies":[{"name":"wp","href":"https:\/\/api.w.org\/{rel}","templated":true}]}}