{"id":3,"date":"2025-09-25T11:53:45","date_gmt":"2025-09-25T11:53:45","guid":{"rendered":"http:\/\/stilenapoletano.com\/?page_id=3"},"modified":"2025-09-26T12:30:51","modified_gmt":"2025-09-26T12:30:51","slug":"privacy-policy","status":"publish","type":"page","link":"https:\/\/stilenapoletano.com\/?page_id=3","title":{"rendered":"Privacy Policy"},"content":{"rendered":"\n<h2 class=\"wp-block-heading\">Chi Siamo<\/h2>\n\n\n\n<p>Benvenuti sul nostro sito web www.stilenapoletano.com (il \u201cSito\u201d).<\/p>\n\n\n\n<p>Vi preghiamo di leggere attentamente la nostra Privacy Policy, che si applica ad ogni vostro accesso al Sito e, pi\u00f9 in generale, ad ogni attivit\u00e0 di navigazione al suo interno e di uso dei suoi servizi, indipendentemente dall\u2019acquisto di prodotti.<\/p>\n\n\n\n<p>A seguito della consultazione e\/o fruizione dei servizi del Sito o per l\u2019effetto dell\u2019invio di una vostra e-mail all\u2019indirizzo mail&nbsp;<a href=\"mailto:customercare@stilenapoletano.com\">customercare@stilenapoletano.com<\/a>&nbsp;o ad un indirizzo di posta elettronica indicato nel Sito, infatti, possono essere trattati dati personali relativi a persone identificate o identificabili.<\/p>\n\n\n\n<p>Il presente documento, pertanto, descrive agli utenti le modalit\u00e0 di gestione del trattamento e costituisce altres\u00ec un\u2019informativa resa ai sensi della normativa vigente in materia di protezione dei dati personali. Questa Privacy Policy, inoltre, fornisce ogni informazione utile a comprendere come raccogliamo ed usiamo le informazioni che identificano gli utenti. Per ogni altra informazione sulla nostra Privacy Policy \u00e8 possibile scrivere al seguente indirizzo mail&nbsp;<a href=\"mailto:customercare@stilenapoletano.com\">customercare@stilenapoletano.com<\/a><\/p>\n\n\n\n<p>L\u2019informativa \u00e8 resa solo per il presente sito web e non per altri siti web eventualmente consultati dall\u2019utente tramite link (per i quali si rinvia alle rispettive informative in tema di privacy). Il Sito pu\u00f2 contenere plug-in dei social network. Se si accede a una pagina web dotata di un simile plug-in, il browser internet si collegher\u00e0 direttamente al social network e il plug-in verr\u00e0 visualizzato sullo schermo grazie alla connessione con il browser. Prima dell\u2019utilizzo di tali Plug-in, l\u2019interessato \u00e8 invitato a consultare la privacy policy degli stessi social network presente sulle loro pagine ufficiali.<\/p>\n\n\n\n<h2 class=\"wp-block-heading\">1. Il Titolare del Trattamento<\/h2>\n\n\n\n<p>Il Titolare del Trattamento \u00e8 l\u2019impresa Stile Napoletano Bespoke di Marigliano Ciro, con sede legale in Via G. Manso, 5 \u2013 80142 \u2013 NA | C.F.MRGCRI78D20F839V -P.I.: 09656501211.<\/p>\n\n\n\n<h2 class=\"wp-block-heading\">2. Categorie di dati oggetto del trattamento<\/h2>\n\n\n\n<p>I dati personali trattati attraverso il Sito sono i seguenti:<\/p>\n\n\n\n<p>\u2022 Informazioni raccolte automaticamente: informazioni riguardanti l\u2019utilizzo e la navigazione dell\u2019utente sul nostro Sito, quali l\u2019indirizzo IP dell\u2019utente e altri identificativi del dispositivo, il sistema operativo, la tipologia del browser, e le informazioni concernenti le pagine del Sito visitate, raccolte mediante cookie o altre tecnologie di tracciamento.<\/p>\n\n\n\n<p>\u2022 Dati personali dell\u2019utente: dati personali (quali nome e cognome, indirizzo di spedizione e indirizzo di fatturazione, dati relativi al pagamento, indirizzo di posta elettronica, numero di telefono e altri dati personali) forniti dall\u2019utente mediante la compilazione dei moduli presenti sul Sito.<\/p>\n\n\n\n<p>\u2022 Dati forniti volontariamente dall\u2019utente: dati personali che possono essere contenuti in comunicazioni inviate dall\u2019utente per inoltrare qualsiasi tipo di richiesta e\/o comunicazione.<\/p>\n\n\n\n<p>\u2022 Dati di terzi: pu\u00f2 accadere che ci si trovi a trattare dati personali di terzi soggetti comunicati direttamente dai propri utenti a Stile Napoletano Bespoke di Marigliano Ciro, per esempio nel caso in cui l\u2019utente abbia acquistato un prodotto da recapitare a un amico ovvero quando il soggetto che corrisponde il prezzo per l\u2019acquisto del prodotto sia diverso dal soggetto cui il prodotto \u00e8 destinato, ovvero ancora quando l\u2019utente intenda segnalare a un amico un servizio o l\u2019offerta in vendita di un particolare prodotto.<\/p>\n\n\n\n<p>In queste occasioni, resta a carico dell\u2019utente l\u2019onere di ottenere il consenso della persona cui i dati si riferiscono prima di comunicarli a Stile Napoletano Bespoke di Marigliano Ciro e di informarlo circa questa Privacy Policy, perch\u00e9 l\u2019utente sar\u00e0 l\u2019unico e il solo responsabile per la comunicazione di informazioni e di dati relativi a terzi soggetti senza che questi abbiano espresso il loro consenso o per il loro eventuale uso non corretto o contrario alla legge.<\/p>\n\n\n\n<p>Vi informiamo che il consenso di queste persone non \u00e8 necessario quando i dati di questo soggetto sono comunicati a Stile Napoletano Bespoke di Marigliano Ciro per la conclusione del contratto con l\u2019utente, a favore del terzo.&nbsp;<\/p>\n\n\n\n<h2 class=\"wp-block-heading\">3. Cookies<\/h2>\n\n\n\n<p>Il nostro Sito utilizza i cookie. I cookie sono piccoli file di testo inviati dal sito al terminale dell\u2019interessato (solitamente al browser), dove vengono memorizzati per essere poi ritrasmessi al sito alla successiva visita del medesimo utente.<\/p>\n\n\n\n<p>I cookie, mostrandoci la modalit\u00e0 di navigazione dei nostri utenti sul sito, ci forniscono informazioni grazie alle quali possiamo rendere l\u2019esperienza di navigazione pi\u00f9 agevole ed efficiente. Per avere maggiori informazioni su tutti i cookie utilizzati e su come conferire il consenso alla relativa installazione,&nbsp;clicca qui.<\/p>\n\n\n\n<h2 class=\"wp-block-heading\">4. Finalit\u00e0 del Trattamento e base giuridica<\/h2>\n\n\n\n<p>I vostri dati personali sono raccolti e trattati da Stile Napoletano Bespoke di Marigliano Ciro per finalit\u00e0 strettamente connesse all\u2019uso del sito web, dei suoi servizi (tra i quali rientrano anche le attivit\u00e0 di marketing) e all\u2019acquisto dei prodotti.<\/p>\n\n\n\n<p>Finalit\u00e0 del trattamento<\/p>\n\n\n\n<p>I dati forniti sono trattati per le seguenti finalit\u00e0:<\/p>\n\n\n\n<ol start=\"1\" class=\"wp-block-list\">\n<li>gestione ed evasione degli ordini di acquisto dei prodotti e\/o servizi offerti e attivit\u00e0 connesse (\u201cFinalit\u00e0 Precontrattuali e Contrattuali\u201d);<\/li>\n\n\n\n<li>gestione dei pagamenti, compreso il controllo antifrode in caso di pagamento mediante carta di credito\/debito (\u201cFinalit\u00e0 Precontrattuali e Contrattuali\u201d);<\/li>\n\n\n\n<li>gestione delle richieste di carattere commerciale o sullo stato di avanzamento degli ordini e richieste di informazioni in senso lato (\u201cFinalit\u00e0 Precontrattuali e Contrattuali\u201d);<\/li>\n\n\n\n<li>presa di contatto con i referenti dei nostri servizi (Ufficio Stampa, Business Development, Web Marketing, Ufficio Acquisti, Servizio Clienti) (\u201cFinalit\u00e0 Precontrattuali e Contrattuali\u201d);<\/li>\n\n\n\n<li>per prenotare appuntamenti presso l\u2019Atelier o aderire al Programma Fedelt\u00e0 (Finalit\u00e0 Precontrattuali e Contrattuali);<\/li>\n\n\n\n<li>adempimento di obblighi di legge e regolamentari (\u201cFinalit\u00e0 di Legge\u201d);<\/li>\n\n\n\n<li>per prevenire o scoprire attivit\u00e0 fraudolente o abusi dannosi per il Sito o, per consentire a Reda Industries S.r.l. l\u2019esercizio dei suoi diritti (come ad esempio il diritto di difesa in giudizio) (\u201cFinalit\u00e0 legate al Legittimo interesse del Titolare\u201d);<\/li>\n\n\n\n<li>previo espresso e specifico consenso, per attivit\u00e0 di marketing, analisi e profilazione (\u201cFinalit\u00e0 di Marketing e Profilazione\u201d), quali:<\/li>\n<\/ol>\n\n\n\n<p>a. invio di newsletter a contenuto informativo o promozionale tramite e-mail;<\/p>\n\n\n\n<p>b. informazione e\/o promozione commerciale a mezzo posta cartacea (o flyer) e telefono o mediante comunicazioni elettroniche come e-mail, messaggi Sms e altri sistemi automatizzati disponibili allo scopo, volte a far conoscere i nuovi prodotti e a migliorare i servizi offerti;<\/p>\n\n\n\n<p>c. ricerche di mercato ed indagini sulla qualit\u00e0 dei servizi e sulla soddisfazione dei clienti, anche avvalendoci di societ\u00e0 specializzate, con l\u2019obiettivo di migliorare l\u2019offerta di prodotti e servizi;<\/p>\n\n\n\n<p>d. profilazione volta ad analizzare i bisogni, i gusti, le scelte e abitudini di consumo, anche attraverso elaborazioni elettroniche, per fornire comunicazioni su prodotti o servizi in linea con le preferenze e gli interessi degli utenti;<\/p>\n\n\n\n<p>e. analisi su dati aggregati del comportamento dell\u2019utente o analisi del comportamento dell\u2019utente sul sito web.&nbsp;<\/p>\n\n\n\n<h2 class=\"wp-block-heading\">Base giuridica<\/h2>\n\n\n\n<p>La base giuridica del trattamento per Finalit\u00e0 Precontrattuali e Contrattuali \u00e8 quella prevista all\u2019art. 6, comma 1, lett. b), Reg. UE 2016\/679.<\/p>\n\n\n\n<p>La base giuridica del trattamento per Finalit\u00e0 di Legge \u00e8 quella prevista all\u2019art. 6, comma 1, lett. c), Reg. UE 2016\/679. La base giuridica del trattamento per Finalit\u00e0 di Legge \u00e8 quella prevista all\u2019art. 6, comma 1, lett. f), Reg. UE 2016\/679.<\/p>\n\n\n\n<p>Per le suddette finalit\u00e0 di trattamento, il conferimento dei vostri dati \u00e8 necessario al fine di dare esecuzione al rapporto contrattuale e ad altre attivit\u00e0 connesse. In caso di mancato conferimento non sar\u00e0 pertanto possibile svolgere le attivit\u00e0 richieste per la conclusione e per l\u2019esecuzione del contratto. o, ancora, di adempiere correttamente agli obblighi di legge e di regolamento.<\/p>\n\n\n\n<p>Il trattamento dei dati per le Finalit\u00e0 di Marketing e Profilazione \u00e8 facoltativo e soggetto al vostro previo consenso, ai sensi dell\u2019art. 6, comma 1, lett. a), Reg. UE 2016\/679, che potr\u00e0 essere in ogni caso revocato.<\/p>\n\n\n\n<p>Per non ricevere pi\u00f9 la newsletter sar\u00e0 sufficiente cliccare sull\u2019apposito link \u201cdisiscriviti\u201d presente in calce a ciascuna comunicazione (potreste ricevere ulteriori comunicazioni da parte nostra anche dopo l\u2019inoltro della richiesta di disiscrizione, in quanto alcuni invii potrebbero essere gi\u00e0 stati pianificati e i nostri sistemi potrebbero impiegare del tempo per eseguire la richiesta di disiscrizione).<\/p>\n\n\n\n<p>Negli altri casi sar\u00e0 sufficiente accedere al proprio account personale nella sezione \u201cgestione consensi\u201d A seconda dei casi e, qualora necessario, di volta in volta sarete informati del carattere obbligatorio o facoltativo del conferimento dei vostri dati personali al Titolare. Evidenzieremo il carattere obbligatorio o facoltativo della comunicazione dei vostri dati, mediante un avviso (\u201ccompila questo campo\u201d) o un apposito carattere (*) all\u2019informazione di carattere obbligatorio ovvero dei soli dati necessari alla fornitura dei servizi e per l\u2019acquisto dei prodotti sul Sito.<\/p>\n\n\n\n<p>Vi ricordiamo che la mancata indicazione di dati personali facoltativi non comporter\u00e0 per i nostri utenti alcun obbligo n\u00e9 alcuno svantaggio.<\/p>\n\n\n\n<h2 class=\"wp-block-heading\">5. Trasferimento dei dati extra UE<\/h2>\n\n\n\n<p>I vostri dati personali non saranno trasferiti all\u2019estero verso quei Paesi diversi da quelli appartenenti all\u2019Unione Europea, che non assicurino livelli di tutela delle persone adeguati.<\/p>\n\n\n\n<p>Nel caso ci\u00f2 fosse necessario per fornire i servizi richiesti (ad esempio per alcune attivit\u00e0 di trattamento che potrebbero essere delegate all\u2019esterno verso fornitori non appartenenti all\u2019Unione Europea) o per concludere un contratto per l\u2019acquisto dei prodotti, vi assicuriamo che il trasferimento dei dati personali verso i Paesi che non appartengono all\u2019Unione Europea e che non assicurino livelli di tutela adeguati saranno eseguiti solo previa conclusione, tra Stile Napoletano Bespoke di Marigliano Ciro e detti soggetti, di specifici contratti contenenti clausole di salvaguardia e garanzie appropriate per la protezione dei dati personali (es. clausole contrattuali standard approvate dalla Commissione europea) ovvero solo in presenza di altro requisito conforme alla normativa italiana ed europea applicabile.<\/p>\n\n\n\n<h2 class=\"wp-block-heading\">6. A chi comunichiamo i dati personali<\/h2>\n\n\n\n<p>Per esigenze esclusivamente organizzative e funzionali e per finalit\u00e0 strettamente connesse e correlate alla prestazione dei nostri servizi (compresa la vendita dei prodotti), i vostri dati personali potranno essere resi disponibili a terze societ\u00e0, contrattualmente collegate al Titolare, che svolgono specifici servizi, in qualit\u00e0 di Responsabili del trattamento (ad esempio spedizionieri o societ\u00e0 che svolgono attivit\u00e0 o forniscono servizi di marketing).<\/p>\n\n\n\n<p>Tali soggetti, nella loro qualit\u00e0 di Responsabili del trattamento, tratteranno i vostri dati personali esclusivamente per conto di Stile Napoletano Bespoke di Marigliano Ciro ed esclusivamente per le finalit\u00e0 indicate in questa Privacy Policy e, comunque, nel rispetto dei limiti di legge e di eventuali consensi da voi forniti.<\/p>\n\n\n\n<p>Per avere l\u2019elenco completo dei responsabili che trattano i vostri dati, vi invitiamo a contattare il nostro customer care nella sezione \u201cContattaci\u201d o scrivere all\u2019indirizzo mail&nbsp;<a href=\"mailto:customercare@stilenapoletano.com\">customercare@stilenapoletano.com<\/a><\/p>\n\n\n\n<p>I vostri dati personali non saranno comunicati, ceduti o trasferiti a terzi per scopi non consentiti dalla legge o senza il vostro espresso consenso.<\/p>\n\n\n\n<p>Oltre alle societ\u00e0 che agiscono quali responsabili del trattamento, i dati personali sono resi disponibili anche a soggetti terzi (autonomi titolari del trattamento) che trattano i dati in modo autonomo unicamente per dare esecuzione al contratto di acquisto di prodotti sul Sito e per fini accessori e correlati all\u2019erogazione dei servizi richiesti dall\u2019utente (ad esempio, per le transazioni relative agli acquisti, l\u2019istituto di credito per l\u2019esecuzione dei servizi di pagamento elettronico a distanza, mediante carta di credito\/debito).&nbsp;<\/p>\n\n\n\n<p>A titolo esemplificativo e non esaustivo si riportano di seguito alcune delle terze parti con cui lavoriamo a stretto contatto e che potrebbero essere i destinatari dei dati personali dell\u2019utente:<\/p>\n\n\n\n<ol start=\"1\" class=\"wp-block-list\">\n<li>partner commerciali di piattaforme di social media;<\/li>\n\n\n\n<li>fornitori di servizi di consegna dei prodotti acquistati o di gestione dei pagamenti;<\/li>\n\n\n\n<li>fornitori di servizi o di soluzioni informatiche a supporto del customer care interno o del marketing (es. per il servizio \u201cLive chat\u201d).<\/li>\n<\/ol>\n\n\n\n<p>I dati personali potranno, infine, essere conosciuti e trattati dai dipendenti\/collaboratori di Stile Napoletano Bespoke di Marigliano Ciro che sono appositamente istruiti e nominati Incaricati del trattamento. I vostri dati non saranno oggetto di diffusione.<\/p>\n\n\n\n<p>\u00c8 fatta salva, in ogni caso, la comunicazione o diffusione di dati richiesti, in conformit\u00e0 alla legge, da forze di polizia, dall\u2019autorit\u00e0 giudiziaria, da organismi di informazione e sicurezza o da altri soggetti pubblici per finalit\u00e0 di difesa o di sicurezza dello Stato o di prevenzione, accertamento o repressione di reati.<\/p>\n\n\n\n<h2 class=\"wp-block-heading\">7. Periodo di conservazione dei dati<\/h2>\n\n\n\n<p>I vostri dati personali sono trattati per il tempo strettamente necessario a conseguire gli scopi e le finalit\u00e0 in precedenza elencate. I criteri utilizzati per determinare il periodo di conservazione sono stabiliti da:<\/p>\n\n\n\n<ol start=\"1\" class=\"wp-block-list\">\n<li>specifiche norme di legge, che regolamentano l\u2019attivit\u00e0 di Stile Napoletano Bespoke di Marigliano Ciro;<\/li>\n\n\n\n<li>dal periodo di permanenza quale utente iscritto alla newsletter (per il marketing), in assenza di disiscrizione volontaria;<\/li>\n\n\n\n<li>dalla normativa fiscale per quanto riguarda il trattamento dei dati amministrativo-contabili (10 anni); in particolare, per i dati finanziari (ad es. pagamenti, rimborsi, etc.) viene applicato il periodo di conservazione richiesto dalle leggi fiscali e contabili applicabili.<\/li>\n<\/ol>\n\n\n\n<p>Con riferimento ai dati raccolti per finalit\u00e0 commerciali, invece, i dettagli degli acquisti riferiti a utenti individuabili sono conservati per 2 anni (dalla data di acquisizione di tali informazioni) ai fini dell\u2019invio di comunicazioni commerciali mirate (profilazione) e per 4 anni ai fini dello svolgimento di marketing diretto.<\/p>\n\n\n\n<p>I dati personali del cliente, infine, potranno essere conservati anche fino al tempo permesso dalla legge italiana a tutela degli interessi legittimi della societ\u00e0 Titolare (art. 2947, co. 1 e 3 c.c.).<\/p>\n\n\n\n<h2 class=\"wp-block-heading\">8. Trattamento basato su decisioni automatizzate e profilazione<\/h2>\n\n\n\n<p>Per maggiori informazioni sul trattamento di dati personali basato su decisioni automatizzate e sulla profilazione \u00e8 possibile consultare la nostra Cookie Policy. In ogni caso, se vi iscrivete a uno dei nostri servizi (es. nella sezione \u201cregistrati\u201d del sito web) attraverso i metodi di autenticazione sui social media (es. Facebook) o su Google, Stile Napoletano Bespoke di Marigliano Ciro potr\u00e0 accedere a determinati dati personali (ad esempio il nome, cognome, e-mail ecc.) presenti nell\u2019account del social media o del profilo dell\u2019utente in base alle condizioni di utilizzo applicabili da tali piattaforme. Potremmo inoltre raccogliere alcuni dei vostri dati personali quando si interagisce con funzionalit\u00e0 di social media di terze parti, come ad esempio i \u201cLike\u201d. Salvo i casi sopra indicati e attinenti alla profilazione circa il comportamento degli utenti nel sito web e all\u2019analisi dei gusti e delle abitudini di consumo, Stile Napoletano Bespoke di Marigliano Ciro non effettua altri trattamenti automatizzati di dati personali che possano produrre effetti decisionali tali da incidere sulla sfera giuridica dell\u2019utente.<\/p>\n\n\n\n<h2 class=\"wp-block-heading\">9. Minori<\/h2>\n\n\n\n<p>Questo Sito e i suoi servizi non sono destinati a minori di 18 anni e il Titolare non raccoglie intenzionalmente informazioni personali riferite ai minori. Nel caso in cui informazioni su minori fossero involontariamente registrate, il Titolare le canceller\u00e0 in modo tempestivo, anche su richiesta degli stessi utenti.<\/p>\n\n\n\n<h2 class=\"wp-block-heading\">10. Diritti dell\u2019interessato<\/h2>\n\n\n\n<p>La normativa vigente sulla protezione dei dati personali riconosce il diritto di accedere ai propri dati, rettificarli, trasferirli ed eliminarli. L\u2019utente ha anche il diritto di opposizione e il diritto di limitare il trattamento dei suoi dati. In particolare, gli utenti hanno il diritto in qualunque momento di ottenere la conferma dell\u2019esistenza o meno dei dati personali che li riguardano e la loro comunicazione in forma intelligibile. Gli interessati hanno diritto di ottenere l\u2019indicazione:<\/p>\n\n\n\n<ol start=\"1\" class=\"wp-block-list\">\n<li>del contenuto e dell\u2019origine dei dati personali;<\/li>\n\n\n\n<li>delle finalit\u00e0 e modalit\u00e0 del trattamento;<\/li>\n\n\n\n<li>della logica applicata al trattamento effettuato con l\u2019ausilio di strumenti elettronici;<\/li>\n\n\n\n<li>degli estremi identificativi del titolare e dei responsabili;<\/li>\n\n\n\n<li>della durata della conservazione in relazione alle specifiche categorie di dati trattati;<\/li>\n\n\n\n<li>dei soggetti o delle categorie di soggetti ai quali i dati personali possono essere comunicati o che possono venirne a conoscenza, in qualit\u00e0 di responsabili o incaricati.<\/li>\n<\/ol>\n\n\n\n<p>Gli interessati hanno altres\u00ec il diritto di ottenere:<\/p>\n\n\n\n<ol start=\"1\" class=\"wp-block-list\">\n<li>l\u2019aggiornamento, la rettificazione ovvero, quando vi hanno interesse, l\u2019integrazione dei dati;<\/li>\n\n\n\n<li>la cancellazione, la trasformazione in forma anonima o la limitazione dei dati trattati (es. se trattati in violazione di legge), compresi quelli di cui non \u00e8 necessaria la conservazione in relazione agli scopi per i quali i dati sono stati raccolti o successivamente trattati;<\/li>\n\n\n\n<li>la portabilit\u00e0 dei dati presso altro titolare;\u00a0<\/li>\n\n\n\n<li>l\u2019opposizione al trattamento (es. per l\u2019invio di materiale pubblicitario o di marketing diretto o per il compimento di ricerche di mercato o di comunicazione commerciale);<\/li>\n\n\n\n<li>l\u2019opposizione a qualsiasi processo decisionale automatizzato (compreso la profilazione);<\/li>\n\n\n\n<li>la revoca di qualsiasi consenso prestato, ove previsto (si precisa che la revoca del consenso non pregiudica la liceit\u00e0 del trattamento basata sul consenso conferito prima della revoca);<\/li>\n\n\n\n<li>l\u2019attestazione che le operazioni di cui ai precedenti punti sono state portate a conoscenza, anche per quanto riguarda il loro contenuto, di coloro ai quali i dati sono stati comunicati o diffusi, eccettuato il caso in cui tale adempimento si rivela impossibile o comporta un impiego di mezzi manifestamente sproporzionati rispetto al diritto tutelato.<\/li>\n<\/ol>\n\n\n\n<p>In parte, queste informazioni sono contenute nella nostra Privacy Policy; per saperne di pi\u00f9, \u00e8 possibile scrivere al seguente indirizzo mail&nbsp;<a href=\"mailto:customercare@stilenapoletano.com\">customercare@stilenapoletano.com<\/a><\/p>\n\n\n\n<p>Il diritto di opposizione al trattamento dei dati personali per le finalit\u00e0 di marketing \u00e8 possibile esercitarlo sia verso le c.d. modalit\u00e0 automatizzate di contatto (es. e-mail, Sms, whatsapp o altri social media, etc.), sia verso le modalit\u00e0 tradizionali (posta cartacea e telefono); tale diritto potr\u00e0 essere esercitato in tutto o in parte (es. solo alle comunicazioni tramite posta cartacea o telefono ovvero opponendosi al solo invio di comunicazioni promozionali effettuato tramite strumenti automatizzati quali e-mail, sms), anche in autonomia attraverso gli specifici servizi messi a disposizione dell\u2019utente (es. deselezionado la casella di spunta della newsletter nell\u2019area riservata).<\/p>\n\n\n\n<p>Per modificare i consensi relativi alla gestione dei dati, gli utenti possono accedere alla loro area personale.<\/p>\n\n\n\n<p>L\u2019interessato che ritenga che il trattamento dei dati personali a lui\/lei riferiti sia effettuato in violazione di quanto previsto dalla normativa applicabile ha inoltre il diritto di proporre reclamo al Garante, come previsto dall\u2019art. 77 del Regolamento UE 2016\/679, o di adire le opportune sedi giudiziarie (art. 79 Regolamento UE 2016\/679).<\/p>\n\n\n\n<p>Tali diritti possono essere esercitati dall\u2019interessato con richiesta rivolta senza formalit\u00e0 al Titolare alla quale \u00e8 fornito idoneo riscontro senza ritardo.<\/p>\n\n\n\n<p>La richiesta rivolta al Titolare o al responsabile pu\u00f2 essere trasmessa anche mediante lettera raccomandata o posta elettronica ai seguenti indirizzi: 1. indirizzo: Stile Napoletano Bespoke di Marigliano Ciro, con sede legale in Via G. Manso, 5 \u2013 80142 \u2013 Napoli (NA). email:&nbsp;<a href=\"mailto:customercare@stilenapoletano.com\">customercare@stilenapoletano.com<\/a><\/p>\n\n\n\n<h2 class=\"wp-block-heading\">11. Modifiche e aggiornamenti alla presente Privacy Policy<\/h2>\n\n\n\n<p>Il Titolare avr\u00e0 cura di modificare o semplicemente aggiornare, in tutto o in parte, la Privacy Policy del Sito anche in considerazione della modifica delle norme di legge o di regolamento che regolano questa materia e proteggono i diritti degli utenti.<\/p>\n\n\n\n<p>Le modifiche e gli aggiornamenti della Privacy Policy del Sito, agli utenti iscritti ai nostri servizi saranno resi disponibili nella Home page di&nbsp;<a href=\"https:\/\/stilenapoletano.com\/it\/privacy-policy\/\">https:\/\/stilenapoletano.com\/it\/privacy-policy\/<\/a>&nbsp; non appena adottati. Vi preghiamo pertanto di accedere con regolarit\u00e0 a questa sezione per consultare la pi\u00f9 recente ed aggiornata Privacy Policy.<\/p>\n\n\n\n<p>Ultimo aggiornamento Settembre 2025.<\/p>\n\n\n\n<p><\/p>\n","protected":false},"excerpt":{"rendered":"<p>Chi Siamo Benvenuti sul nostro sito web www.stilenapoletano.com (il \u201cSito\u201d). Vi preghiamo di leggere attentamente la nostra Privacy Policy, che si applica ad ogni vostro accesso al Sito e, pi\u00f9 in generale, ad ogni attivit\u00e0 di navigazione al suo interno e di uso dei suoi servizi, indipendentemente dall\u2019acquisto di prodotti. A seguito della consultazione e\/o [&hellip;]<\/p>\n","protected":false},"author":1,"featured_media":0,"parent":0,"menu_order":0,"comment_status":"closed","ping_status":"open","template":"","meta":{"_acf_changed":false,"_oxygen_hide_in_design_set":false,"_oxygen_tags":"","footnotes":""},"class_list":["post-3","page","type-page","status-publish","hentry"],"acf":[],"_hostinger_reach_plugin_has_subscription_block":false,"_hostinger_reach_plugin_is_elementor":false,"_links":{"self":[{"href":"https:\/\/stilenapoletano.com\/index.php?rest_route=\/wp\/v2\/pages\/3","targetHints":{"allow":["GET"]}}],"collection":[{"href":"https:\/\/stilenapoletano.com\/index.php?rest_route=\/wp\/v2\/pages"}],"about":[{"href":"https:\/\/stilenapoletano.com\/index.php?rest_route=\/wp\/v2\/types\/page"}],"author":[{"embeddable":true,"href":"https:\/\/stilenapoletano.com\/index.php?rest_route=\/wp\/v2\/users\/1"}],"replies":[{"embeddable":true,"href":"https:\/\/stilenapoletano.com\/index.php?rest_route=%2Fwp%2Fv2%2Fcomments&post=3"}],"version-history":[{"count":1,"href":"https:\/\/stilenapoletano.com\/index.php?rest_route=\/wp\/v2\/pages\/3\/revisions"}],"predecessor-version":[{"id":1732,"href":"https:\/\/stilenapoletano.com\/index.php?rest_route=\/wp\/v2\/pages\/3\/revisions\/1732"}],"wp:attachment":[{"href":"https:\/\/stilenapoletano.com\/index.php?rest_route=%2Fwp%2Fv2%2Fmedia&parent=3"}],"curies":[{"name":"wp","href":"https:\/\/api.w.org\/{rel}","templated":true}]}}